{"id":4319,"date":"2026-01-22T12:16:52","date_gmt":"2026-01-22T11:16:52","guid":{"rendered":"https:\/\/sszsuhl.de\/?post_type=mec-events&#038;p=4319"},"modified":"2026-04-13T13:37:11","modified_gmt":"2026-04-13T11:37:11","slug":"internationaler-juniorenwettkampf-827","status":"publish","type":"mec-events","link":"https:\/\/sszsuhl.de\/en\/events\/internationaler-juniorenwettkampf-827\/","title":{"rendered":"ISSF Weltmeisterschaft der Junioren 2026"},"content":{"rendered":"<p><strong><em><span style=\"color:#bb0000\" class=\"has-inline-color\">KEIN \u00f6ffentlicher Schie\u00dfbetrieb, KEINE Terminbuchungen!<\/span><\/em><\/strong><\/p>\n\n\n\n<p>Das SSZ darf 2026 die Weltelite des Schie\u00dfsports im Juniorenbereich begr\u00fc\u00dfen.<br>Die im Zeitraum 15.06. bis 26.06.2026 stattfindende ISSF Junioren-WM ist seit vielen Jahren die Erste, die wieder in Europa ausgetragen wird.<br>In den letzten Jahre fand sie immer in S\u00fcdamerika (Peru) statt.<\/p>\n\n\n\n<p>Wir f\u00fchelen uns geehrt und freuen uns, die Weltspitze der Disziplinen Gewehr, Pistole und Flinte im SSZ zu Gast zu haben.<\/p>\n\n\n\n<p><em>Erich-Krempel-Halle\/25m- und 50m-Anlage\/ Wurfscheibenanlage<\/em><\/p>\n\n\n\n<p><mark style=\"background-color:rgba(0, 0, 0, 0);color:#0b43a5\" class=\"has-inline-color\"><em>Der Zeitplan ist <a href=\"https:\/\/backoffice.issf-sports.org\/getfile.aspx?mod=docf&amp;pane=1&amp;inst=776&amp;iist=351&amp;file=JWCH-RPSH-Suhl-2026-Preliminary-Competition-Schedule.pdf\">HIER<\/a><sup>(*)<\/sup> zu finden<\/em><\/mark><\/p>\n\n\n\n<p><sup>(*)<em>Die Schie\u00dfsportzentrum Suhl (SSZ) GmbH \u00fcbernimmt keinerlei Haftung f\u00fcr Inhalte von<\/em><\/sup><br><sup><em>verlinkten Seiten Dritter.<\/em><\/sup><\/p>","protected":false},"excerpt":{"rendered":"<p>KEIN \u00f6ffentlicher Schie\u00dfbetrieb, KEINE Terminbuchungen! Das SSZ darf 2026 die Weltelite des Schie\u00dfsports im Juniorenbereich begr\u00fc\u00dfen.Die im Zeitraum 15.06. bis 26.06.2026 stattfindende ISSF Junioren-WM ist seit vielen Jahren die Erste, die wieder in Europa ausgetragen wird.In den letzten Jahre fand sie immer in S\u00fcdamerika (Peru) statt. Wir f\u00fchelen uns geehrt [&hellip;]<\/p>\n","protected":false},"author":2,"featured_media":0,"comment_status":"closed","ping_status":"closed","template":"","tags":[],"mec_category":[53],"_links":{"self":[{"href":"https:\/\/sszsuhl.de\/en\/wp-json\/wp\/v2\/mec-events\/4319"}],"collection":[{"href":"https:\/\/sszsuhl.de\/en\/wp-json\/wp\/v2\/mec-events"}],"about":[{"href":"https:\/\/sszsuhl.de\/en\/wp-json\/wp\/v2\/types\/mec-events"}],"author":[{"embeddable":true,"href":"https:\/\/sszsuhl.de\/en\/wp-json\/wp\/v2\/users\/2"}],"replies":[{"embeddable":true,"href":"https:\/\/sszsuhl.de\/en\/wp-json\/wp\/v2\/comments?post=4319"}],"wp:attachment":[{"href":"https:\/\/sszsuhl.de\/en\/wp-json\/wp\/v2\/media?parent=4319"}],"wp:term":[{"taxonomy":"post_tag","embeddable":true,"href":"https:\/\/sszsuhl.de\/en\/wp-json\/wp\/v2\/tags?post=4319"},{"taxonomy":"mec_category","embeddable":true,"href":"https:\/\/sszsuhl.de\/en\/wp-json\/wp\/v2\/mec_category?post=4319"}],"curies":[{"name":"wp","href":"https:\/\/api.w.org\/{rel}","templated":true}]}}

<p><strong><em><span style="color:#bb0000" class="has-inline-color">KEIN öffentlicher Schießbetrieb, KEINE Terminbuchungen!</span></em></strong></p>



<p>Das SSZ darf 2026 die Weltelite des Schießsports im Juniorenbereich begrüßen.<br>Die im Zeitraum 15.06. bis 26.06.2026 stattfindende ISSF Junioren-WM ist seit vielen Jahren die Erste, die wieder in Europa ausgetragen wird.<br>In den letzten Jahre fand sie immer in Südamerika (Peru) statt.</p>



<p>Wir fühelen uns geehrt und freuen uns, die Weltspitze der Disziplinen Gewehr, Pistole und Flinte im SSZ zu Gast zu haben.</p>



<p><em>Erich-Krempel-Halle/25m- und 50m-Anlage/ Wurfscheibenanlage</em></p>



<p><mark style="background-color:rgba(0, 0, 0, 0);color:#0b43a5" class="has-inline-color"><em>Der Zeitplan ist <a href="https://backoffice.issf-sports.org/getfile.aspx?mod=docf&amp;pane=1&amp;inst=776&amp;iist=351&amp;file=JWCH-RPSH-Suhl-2026-Preliminary-Competition-Schedule.pdf">HIER</a><sup>(*)</sup> zu finden</em></mark></p>



<p><sup>(*)<em>Die Schießsportzentrum Suhl (SSZ) GmbH übernimmt keinerlei Haftung für Inhalte von</em></sup><br><sup><em>verlinkten Seiten Dritter.</em></sup></p>

<p>KEIN öffentlicher Schießbetrieb, KEINE Terminbuchungen! Das SSZ darf 2026 die Weltelite des Schießsports im Juniorenbereich begrüßen.Die im Zeitraum 15.06. bis 26.06.2026 stattfindende ISSF Junioren-WM ist seit vielen Jahren die Erste, die wieder in Europa ausgetragen wird.In den letzten Jahre fand sie immer in Südamerika (Peru) statt. Wir fühelen uns geehrt [&hellip;]</p>
