{"id":3229,"date":"2023-11-20T12:29:42","date_gmt":"2023-11-20T11:29:42","guid":{"rendered":"https:\/\/sszsuhl.de\/?post_type=mec-events&#038;p=3229"},"modified":"2023-11-20T12:29:44","modified_gmt":"2023-11-20T11:29:44","slug":"aus-fortbildung-kampfrichter-fachteil-3-flinte-418-163-408","status":"publish","type":"mec-events","link":"https:\/\/sszsuhl.de\/en\/events\/aus-fortbildung-kampfrichter-fachteil-3-flinte-418-163-408\/","title":{"rendered":"Aus- &#038; Fortbildung Kampfrichter &#8222;Fachteil 3 &#8211; Flinte&#8220;"},"content":{"rendered":"<ul>\n<li>Fachteil zum Erwerb der Kampfrichterlizenz B national f\u00fcr die Disziplin &#8222;Flinte&#8220;,<\/li>\n\n\n\n<li>Termin nutzbar zur Verl\u00e4ngerung der Kampfrichterlizenz &#8222;Flinte&#8220;<\/li>\n\n\n\n<li>Mindestteilnehmerzahl 8<\/li>\n<\/ul>\n\n\n\n<p>R\u00fcckfragen an kampfrichter(at)tsbev.de<\/p>\n\n\n\n<p><mark style=\"background-color:rgba(0, 0, 0, 0);color:#08b0f7\" class=\"has-inline-color\"><a rel=\"noreferrer noopener\" href=\"https:\/\/tsbev.de\/bildung\/termine-lehrgaenge\/eventdetail\/103\/-\/aus-und-fortbildung-kampfrichter-spo-teil-3-flinte\" target=\"_blank\">Anmeldelink<\/a><\/mark><sup>(*)<\/sup><br><sup>(*)<em>Die Schie\u00dfsportzentrum Suhl (SSZ) GmbH \u00fcbernimmt keinerlei Haftung f\u00fcr Inhalte von<\/em><\/sup><br><sup><em>verlinkten Seiten Dritter.<\/em><\/sup><\/p>\n\n\n\n<p><\/p>","protected":false},"excerpt":{"rendered":"<p>R\u00fcckfragen an kampfrichter(at)tsbev.de Anmeldelink(*)(*)Die Schie\u00dfsportzentrum Suhl (SSZ) GmbH \u00fcbernimmt keinerlei Haftung f\u00fcr Inhalte vonverlinkten Seiten Dritter.<\/p>","protected":false},"author":2,"featured_media":0,"comment_status":"closed","ping_status":"closed","template":"","tags":[],"mec_category":[24],"_links":{"self":[{"href":"https:\/\/sszsuhl.de\/en\/wp-json\/wp\/v2\/mec-events\/3229"}],"collection":[{"href":"https:\/\/sszsuhl.de\/en\/wp-json\/wp\/v2\/mec-events"}],"about":[{"href":"https:\/\/sszsuhl.de\/en\/wp-json\/wp\/v2\/types\/mec-events"}],"author":[{"embeddable":true,"href":"https:\/\/sszsuhl.de\/en\/wp-json\/wp\/v2\/users\/2"}],"replies":[{"embeddable":true,"href":"https:\/\/sszsuhl.de\/en\/wp-json\/wp\/v2\/comments?post=3229"}],"wp:attachment":[{"href":"https:\/\/sszsuhl.de\/en\/wp-json\/wp\/v2\/media?parent=3229"}],"wp:term":[{"taxonomy":"post_tag","embeddable":true,"href":"https:\/\/sszsuhl.de\/en\/wp-json\/wp\/v2\/tags?post=3229"},{"taxonomy":"mec_category","embeddable":true,"href":"https:\/\/sszsuhl.de\/en\/wp-json\/wp\/v2\/mec_category?post=3229"}],"curies":[{"name":"wp","href":"https:\/\/api.w.org\/{rel}","templated":true}]}}

<ul>
<li>Fachteil zum Erwerb der Kampfrichterlizenz B national für die Disziplin &#8222;Flinte&#8220;,</li>



<li>Termin nutzbar zur Verlängerung der Kampfrichterlizenz &#8222;Flinte&#8220;</li>



<li>Mindestteilnehmerzahl 8</li>
</ul>



<p>Rückfragen an kampfrichter(at)tsbev.de</p>



<p><mark style="background-color:rgba(0, 0, 0, 0);color:#08b0f7" class="has-inline-color"><a rel="noreferrer noopener" href="https://tsbev.de/bildung/termine-lehrgaenge/eventdetail/103/-/aus-und-fortbildung-kampfrichter-spo-teil-3-flinte" target="_blank">Anmeldelink</a></mark><sup>(*)</sup><br><sup>(*)<em>Die Schießsportzentrum Suhl (SSZ) GmbH übernimmt keinerlei Haftung für Inhalte von</em></sup><br><sup><em>verlinkten Seiten Dritter.</em></sup></p>



<p></p>

<p>Rückfragen an kampfrichter(at)tsbev.de Anmeldelink(*)(*)Die Schießsportzentrum Suhl (SSZ) GmbH übernimmt keinerlei Haftung für Inhalte vonverlinkten Seiten Dritter.</p>
