{"id":3108,"date":"2023-08-31T13:10:44","date_gmt":"2023-08-31T11:10:44","guid":{"rendered":"https:\/\/sszsuhl.de\/?post_type=mec-events&#038;p=3108"},"modified":"2023-08-31T13:10:46","modified_gmt":"2023-08-31T11:10:46","slug":"19-thueringer-schuetzentag","status":"publish","type":"mec-events","link":"https:\/\/sszsuhl.de\/en\/events\/19-thueringer-schuetzentag\/","title":{"rendered":"19. Th\u00fcringer Sch\u00fctzentag"},"content":{"rendered":"<p><strong><em><mark style=\"background-color:rgba(0, 0, 0, 0);color:#a30000\" class=\"has-inline-color\">KEIN \u00f6ffentlicher Schie\u00dfbetrieb, Schie\u00dfen NUR im Rahmen des Sch\u00fctzentages auf Voranmeldung!<\/mark><\/em><\/strong><\/p>\n\n\n\n<p>Vom 14.06. &#8211; 16.06. begr\u00fc\u00dft die Stadt Suhl Sch\u00fctzenvereine aus Th\u00fcringen und ganz Deutschland zum 19. Th\u00fcringer Sch\u00fctzentag.<\/p>\n\n\n\n<p>Neben Veranstaltungen im Stadtzentrum findet ein Gro\u00dfteil im SSZ statt.<\/p>\n\n\n\n<p>Aktuell ist folgendes Programm geplant:<\/p>\n\n\n\n<ul>\n<li>6. Landesb\u00f6llertreffen<\/li>\n\n\n\n<li>Ermittlung Th\u00fcringer Scheibenk\u00f6nig\/in<\/li>\n\n\n\n<li>Landesjugendtag<\/li>\n\n\n\n<li>Rahmenprogramm im SSZ<\/li>\n\n\n\n<li>Festgottesdienst<\/li>\n\n\n\n<li>gro\u00dfem Sch\u00fctzenumzug<\/li>\n\n\n\n<li>Festabend im SSZ<\/li>\n<\/ul>\n\n\n\n<p>Wir freuen uns, viele G\u00e4ste begr\u00fc\u00dfen zu d\u00fcrfen.<\/p>","protected":false},"excerpt":{"rendered":"<p>KEIN \u00f6ffentlicher Schie\u00dfbetrieb, Schie\u00dfen NUR im Rahmen des Sch\u00fctzentages auf Voranmeldung! Vom 14.06. &#8211; 16.06. begr\u00fc\u00dft die Stadt Suhl Sch\u00fctzenvereine aus Th\u00fcringen und ganz Deutschland zum 19. Th\u00fcringer Sch\u00fctzentag. Neben Veranstaltungen im Stadtzentrum findet ein Gro\u00dfteil im SSZ statt. Aktuell ist folgendes Programm geplant: Wir freuen uns, viele G\u00e4ste begr\u00fc\u00dfen [&hellip;]<\/p>\n","protected":false},"author":2,"featured_media":0,"comment_status":"closed","ping_status":"closed","template":"","tags":[],"mec_category":[55],"_links":{"self":[{"href":"https:\/\/sszsuhl.de\/en\/wp-json\/wp\/v2\/mec-events\/3108"}],"collection":[{"href":"https:\/\/sszsuhl.de\/en\/wp-json\/wp\/v2\/mec-events"}],"about":[{"href":"https:\/\/sszsuhl.de\/en\/wp-json\/wp\/v2\/types\/mec-events"}],"author":[{"embeddable":true,"href":"https:\/\/sszsuhl.de\/en\/wp-json\/wp\/v2\/users\/2"}],"replies":[{"embeddable":true,"href":"https:\/\/sszsuhl.de\/en\/wp-json\/wp\/v2\/comments?post=3108"}],"wp:attachment":[{"href":"https:\/\/sszsuhl.de\/en\/wp-json\/wp\/v2\/media?parent=3108"}],"wp:term":[{"taxonomy":"post_tag","embeddable":true,"href":"https:\/\/sszsuhl.de\/en\/wp-json\/wp\/v2\/tags?post=3108"},{"taxonomy":"mec_category","embeddable":true,"href":"https:\/\/sszsuhl.de\/en\/wp-json\/wp\/v2\/mec_category?post=3108"}],"curies":[{"name":"wp","href":"https:\/\/api.w.org\/{rel}","templated":true}]}}

19. Thüringer Schützentag

<p><strong><em><mark style="background-color:rgba(0, 0, 0, 0);color:#a30000" class="has-inline-color">KEIN öffentlicher Schießbetrieb, Schießen NUR im Rahmen des Schützentages auf Voranmeldung!</mark></em></strong></p>



<p>Vom 14.06. &#8211; 16.06. begrüßt die Stadt Suhl Schützenvereine aus Thüringen und ganz Deutschland zum 19. Thüringer Schützentag.</p>



<p>Neben Veranstaltungen im Stadtzentrum findet ein Großteil im SSZ statt.</p>



<p>Aktuell ist folgendes Programm geplant:</p>



<ul>
<li>6. Landesböllertreffen</li>



<li>Ermittlung Thüringer Scheibenkönig/in</li>



<li>Landesjugendtag</li>



<li>Rahmenprogramm im SSZ</li>



<li>Festgottesdienst</li>



<li>großem Schützenumzug</li>



<li>Festabend im SSZ</li>
</ul>



<p>Wir freuen uns, viele Gäste begrüßen zu dürfen.</p>

<p>KEIN öffentlicher Schießbetrieb, Schießen NUR im Rahmen des Schützentages auf Voranmeldung! Vom 14.06. &#8211; 16.06. begrüßt die Stadt Suhl Schützenvereine aus Thüringen und ganz Deutschland zum 19. Thüringer Schützentag. Neben Veranstaltungen im Stadtzentrum findet ein Großteil im SSZ statt. Aktuell ist folgendes Programm geplant: Wir freuen uns, viele Gäste begrüßen [&hellip;]</p>
