{"id":2827,"date":"2023-03-29T08:03:44","date_gmt":"2023-03-29T06:03:44","guid":{"rendered":"https:\/\/sszsuhl.de\/?post_type=mec-events&#038;p=2827"},"modified":"2023-03-29T08:03:46","modified_gmt":"2023-03-29T06:03:46","slug":"343-623-673-328-715-618-518-798-317-154-324","status":"publish","type":"mec-events","link":"https:\/\/sszsuhl.de\/en\/events\/343-623-673-328-715-618-518-798-317-154-324\/","title":{"rendered":"Lehrgang Gewehr"},"content":{"rendered":"<p><strong>Ma\u00dfnahme des TSB in den Disziplinen KK- und <strong>Luftgewehr<\/strong><\/strong><\/p>\n\n\n\n<p>Sondertraining f\u00fcr die Kader des Th\u00fcringer Sch\u00fctzenbundes e.V.<\/p>\n\n\n\n<p><em>Erich-Krempel-Halle\/Luftgewehrsaal<\/em><\/p>","protected":false},"excerpt":{"rendered":"<p>Ma\u00dfnahme des TSB in den Disziplinen KK- und Luftgewehr Sondertraining f\u00fcr die Kader des Th\u00fcringer Sch\u00fctzenbundes e.V. Erich-Krempel-Halle\/Luftgewehrsaal<\/p>","protected":false},"author":2,"featured_media":0,"comment_status":"closed","ping_status":"closed","template":"","tags":[],"mec_category":[24],"_links":{"self":[{"href":"https:\/\/sszsuhl.de\/en\/wp-json\/wp\/v2\/mec-events\/2827"}],"collection":[{"href":"https:\/\/sszsuhl.de\/en\/wp-json\/wp\/v2\/mec-events"}],"about":[{"href":"https:\/\/sszsuhl.de\/en\/wp-json\/wp\/v2\/types\/mec-events"}],"author":[{"embeddable":true,"href":"https:\/\/sszsuhl.de\/en\/wp-json\/wp\/v2\/users\/2"}],"replies":[{"embeddable":true,"href":"https:\/\/sszsuhl.de\/en\/wp-json\/wp\/v2\/comments?post=2827"}],"wp:attachment":[{"href":"https:\/\/sszsuhl.de\/en\/wp-json\/wp\/v2\/media?parent=2827"}],"wp:term":[{"taxonomy":"post_tag","embeddable":true,"href":"https:\/\/sszsuhl.de\/en\/wp-json\/wp\/v2\/tags?post=2827"},{"taxonomy":"mec_category","embeddable":true,"href":"https:\/\/sszsuhl.de\/en\/wp-json\/wp\/v2\/mec_category?post=2827"}],"curies":[{"name":"wp","href":"https:\/\/api.w.org\/{rel}","templated":true}]}}

<p><strong>Maßnahme des TSB in den Disziplinen KK- und <strong>Luftgewehr</strong></strong></p>



<p>Sondertraining für die Kader des Thüringer Schützenbundes e.V.</p>



<p><em>Erich-Krempel-Halle/Luftgewehrsaal</em></p>

<p>Maßnahme des TSB in den Disziplinen KK- und Luftgewehr Sondertraining für die Kader des Thüringer Schützenbundes e.V. Erich-Krempel-Halle/Luftgewehrsaal</p>
