{"id":2812,"date":"2023-03-24T15:39:25","date_gmt":"2023-03-24T14:39:25","guid":{"rendered":"https:\/\/sszsuhl.de\/?post_type=mec-events&#038;p=2812"},"modified":"2023-03-24T15:39:27","modified_gmt":"2023-03-24T14:39:27","slug":"thueringer-landepokal-10m-868-524-590","status":"publish","type":"mec-events","link":"https:\/\/sszsuhl.de\/en\/events\/thueringer-landepokal-10m-868-524-590\/","title":{"rendered":"Leistungs\u00fcberpr\u00fcfung Luftpistole"},"content":{"rendered":"<p><strong>Landeswettbewerb in den Disziplin Luftpistole<\/strong><\/p>\n\n\n\n<p>Ma\u00dfnahme der Landestrainer des Th\u00fcringer Sch\u00fctzenbund e.V.<\/p>\n\n\n\n<p><em>Erich-Krempel-Halle<\/em><\/p>","protected":false},"excerpt":{"rendered":"<p>Landeswettbewerb in den Disziplin Luftpistole Ma\u00dfnahme der Landestrainer des Th\u00fcringer Sch\u00fctzenbund e.V. Erich-Krempel-Halle<\/p>","protected":false},"author":2,"featured_media":0,"comment_status":"closed","ping_status":"closed","template":"","tags":[],"mec_category":[58],"_links":{"self":[{"href":"https:\/\/sszsuhl.de\/en\/wp-json\/wp\/v2\/mec-events\/2812"}],"collection":[{"href":"https:\/\/sszsuhl.de\/en\/wp-json\/wp\/v2\/mec-events"}],"about":[{"href":"https:\/\/sszsuhl.de\/en\/wp-json\/wp\/v2\/types\/mec-events"}],"author":[{"embeddable":true,"href":"https:\/\/sszsuhl.de\/en\/wp-json\/wp\/v2\/users\/2"}],"replies":[{"embeddable":true,"href":"https:\/\/sszsuhl.de\/en\/wp-json\/wp\/v2\/comments?post=2812"}],"wp:attachment":[{"href":"https:\/\/sszsuhl.de\/en\/wp-json\/wp\/v2\/media?parent=2812"}],"wp:term":[{"taxonomy":"post_tag","embeddable":true,"href":"https:\/\/sszsuhl.de\/en\/wp-json\/wp\/v2\/tags?post=2812"},{"taxonomy":"mec_category","embeddable":true,"href":"https:\/\/sszsuhl.de\/en\/wp-json\/wp\/v2\/mec_category?post=2812"}],"curies":[{"name":"wp","href":"https:\/\/api.w.org\/{rel}","templated":true}]}}

Leistungsüberprüfung Luftpistole

<p><strong>Landeswettbewerb in den Disziplin Luftpistole</strong></p>



<p>Maßnahme der Landestrainer des Thüringer Schützenbund e.V.</p>



<p><em>Erich-Krempel-Halle</em></p>

<p>Landeswettbewerb in den Disziplin Luftpistole Maßnahme der Landestrainer des Thüringer Schützenbund e.V. Erich-Krempel-Halle</p>
